ctors of p(-7)?
2, 5
Let s(v) be the first derivative of v**3/3 - 2*v**2 + 2*v + 3. Let j be s(5). List the prime factors of 117/j - (-2)/7.
17
Let b(d) = -d**2 - 7*d - 5. Let x be b(-5). Suppose 3*w - 47 = 2*w + x*q, 0 = -3*w - q + 77. What are the prime factors of (-1)/(3/(w/(-1)))?
3
Suppose y - 197 = -4*z - 0*y, 2*z = 3*y + 109. What are the prime factors of z?
2, 5
Let d be 8/3*6/4. Suppose 45 = p + 2*k + k, d*p - 167 = k. List the prime factors of p.
2, 3, 7
Let p be 6/(4/(-2*2)). What are the prime factors of ((-1)/2)/(p/60)?
5
Suppose 0 = -0*n - 5*n + 15. Suppose 4*p = -16, -5*x - 2*p + 19 = -n*p. Suppose v + 2*j - 20 = -j, -16 = -x*v + 2*j. List the prime factors of v.
2
Suppose 2*v = 5*v - o - 15, -2*v + o + 11 = 0. Let f = v - 4. What are the prime factors of (-2 - 34)/(-3) - f?
2, 3
Let g = 175 - 72. What are the prime factors of g?
103
Let u be -2 + (-3 - -5 - 0). Let s(y) = -y + 5 - 3 + u*y + 3. What are the prime factors of s(-4)?
3
List the prime factors of 18/45 - (-226)/10.
23
Let d = -11 + 11. Suppose d = 4*k - 2*f - 116, k = -f + 13 + 13. What are the prime factors of k?
2, 7
Suppose 0 = -j, -3*n - 2*j + 81 = j. Suppose -3*a + w = -27, 3*a + 7*w - n = 2*w. List the prime factors of a.
3
Suppose 0 = -4*m + 2*b - 1 + 13, -4*b = -2*m. List the prime factors of m.
2
Suppose 2*t - y = 205, -2*y - 103 = -t - 8. What are the prime factors of t?
3, 5, 7
Suppose 4*g + 4*u + 8 = 0, 2*g + 4*u = -g - 8. Suppose g = -4*o + 30 + 6. What are the prime factors of o?
3
Let n = 152 - 146. Let o be (0 + 2/5)*20. Let p = o - n. List the prime factors of p.
2
Let i(u) = u**2 + 6*u - 3. Let x be i(-7). Suppose 4*s - 2*y - 8 = 24, -x*y + 16 = 0. List the prime factors of s.
2, 5
Let n(c) = -2*c. Let i be n(-1). Suppose -12 = -3*y - i*q + 22, -2*y + 22 = q. List the prime factors of y.
2, 5
Let s = -2 - -6. What are the prime factors of 6/s*(-34)/(-3)?
17
Suppose 109 = 2*b + 25. List the prime factors of b.
2, 3, 7
Suppose -2*w - w - 6 = 3*m, 0 = m. List the prime factors of w/(-6) - (-596)/12.
2, 5
Let c be (1 - 0)/((-6)/(-150)). Let r = c + -10. Let f = -3 + r. What are the prime factors of f?
2, 3
Suppose 3*b + 4 = -2*j + 11, 4*j - 44 = 4*b. Suppose j = k + k. List the prime factors of k.
2
Suppose 6*m - m - 85 = 0. Suppose 1 = -p - m. List the prime factors of 6/(-27) - 112/p.
2, 3
What are the prime factors of (-12)/42 + (226/7 - -1)?
3, 11
What are the prime factors of ((-15)/6)/(2/((-104)/2))?
5, 13
Let a(v) = 5*v - 5. Let i(d) = 14*d - 16. Let x(u) = 17*a(u) - 6*i(u). Let z = 2 - 2. What are the prime factors of x(z)?
11
Suppose 200 = 3*g + 2*g. List the prime factors of g.
2, 5
List the prime factors of (-2)/((0 + 1)/(-30)).
2, 3, 5
Let g be (-4)/(-8) + 1/(-2). Suppose y + 0*y - 4 = g. Suppose -5*c + 5*a + 35 = 0, -2*c = -c - y*a - 10. What are the prime factors of c?
2, 3
List the prime factors of (-402)/9*27/(-6).
3, 67
Let m(g) = g**3 - 3*g**2 - 8*g + 3. Let a be m(6). Let s = -42 + a. What are the prime factors of s?
3, 7
Let x(l) be the first derivative of -l**2/2 - 3*l + 3. What are the prime factors of x(-7)?
2
Let h be 30/(-9)*-3 - 2. Suppose -20 = 4*n, 0 = -4*w + 4*n - h + 84. List the prime factors of w.
2, 7
Suppose -2*y + 16 = 2*y. Let w(l) = -l**2 + 3*l - 3. Let d be w(y). Let f(a) = a**2 + 7*a + 4. List the prime factors of f(d).
2
Suppose -d + 5 = -2*d. Let q = -14 - d. What are the prime factors of 6/q - (-32)/3?
2, 5
Suppose 4*z - 20 = -4, l + 4*z - 101 = 0. What are the prime factors of l?
5, 17
Let y = -6 + 6. Suppose -w = 4*t - 23, -w + 4*w - t - 4 = y. What are the prime factors of w?
3
Let c = 49 - 29. List the prime factors of c.
2, 5
Let i = 36 - -20. List the prime factors of (0 + -2)/((-4)/i).
2, 7
Suppose -3*j = -6*m + 2*m - 1, m + 4 = 0. Let t = 23 + j. List the prime factors of t.
2, 3
Suppose 5*s + 3*t - 368 = 0, -9*t - 20 = -4*t. What are the prime factors of s?
2, 19
What are the prime factors of 22 - 2/(6/9)?
19
Let l(w) = w**3 + 8*w**2 - 16*w + 3. List the prime factors of l(-5).
2, 79
Let d(r) be the first derivative of -r**2/2 + 5*r + 2. Let m be d(0). Suppose g + 20 = m*g. What are the prime factors of g?
5
List the prime factors of (-8 - -95) + 3/3.
2, 11
Let u(n) = -n**2 + 8*n - 5. Suppose -8*p + 4*p + 3*a = -36, p + 10 = -4*a. Let x be u(p). Let y = 1 + x. What are the prime factors of y?
2
Let y = -30 - -42. List the prime factors of (13 - -5)*y/9.
2, 3
Let d = 54 + -22. List the prime factors of d.
2
Let c(n) = n**2 + 11*n + 3. What are the prime factors of c(-17)?
3, 5, 7
Let l = 7 + -1. Let f(x) = x**2 - 6*x + 2. Let o be f(l). Suppose 0 = -z + 5*b, 12 = 4*z + o*b - 32. List the prime factors of z.
2, 5
Let x = 3 + -8. Let p(g) = 6*g**2 - 2*g - 2. Let h(m) = -7*m**2 + 3*m + 2. Let r(b) = 5*h(b) + 6*p(b). What are the prime factors of r(x)?
2
Suppose 4*m - 58 = 2*b, 2*b = -0*m - 5*m + 59. What are the prime factors of m?
13
Let w be (-17)/(-1) - (-6 - -6). Suppose z + 2 = w. What are the prime factors of z?
3, 5
What are the prime factors of (-3)/((-9)/(-1))*-138?
2, 23
Let b = 74 - 126. Let w = -35 - b. What are the prime factors of w?
17
Suppose 2*o - 2*k + 6*k - 32 = 0, -5*k - 4 = -3*o. List the prime factors of (-12)/48 + 26/o.
3
Let q = -2 + 5. Let t be 1 - 2 - 3*-2. Suppose q*l = t*r + 22, -54 = -3*l - 2*r - r. What are the prime factors of l?
2, 7
Let o(f) = 25*f - 1. Let h be o(3). Let r = -49 + h. List the prime factors of r.
5
Let a(i) = -i - 3. Let w be a(-5). Suppose -3 = -w*y + 7. List the prime factors of y.
5
Let w(s) = -12*s - 4. What are the prime factors of w(-9)?
2, 13
Let i = 9 + -7. Suppose 3*d + 6 = -4*b, 13 = 2*d + 3*b - 6*b. Suppose 3*x + 5*r - 23 = 0, -d*r + 1 = -i*x + 11. What are the prime factors of x?
2, 3
Suppose -2*y + 0*y = -10. Suppose 4*o = n + 14, y*o = 9 + 11. What are the prime factors of n?
2
Suppose c = 3*d - 3 + 7, -5*d + 4 = c. Suppose -g + c = g. Suppose g*k - 6 = b, 8 + 18 = 5*k + 3*b. What are the prime factors of k?
2
Suppose 0*x - 4*x - 4*h = -144, 4*x - 5*h = 144. List the prime factors of x.
2, 3
Suppose 3*y - 2 = -44. Let b = 37 + y. List the prime factors of b.
23
What are the prime factors of (((-2)/4)/1)/(3/(-180))?
2, 3, 5
Let n(p) = -5*p. Let f be (-28)/32 + 1/(-8). What are the prime factors of n(f)?
5
Suppose 27 + 37 = -4*l. Let h(k) = 13*k - 2. Let a be h(2). Let w = l + a. What are the prime factors of w?
2
Let o(i) = -i - 6. Let y = -38 - -27. Let j be o(y). Suppose -25 = -j*a + 10. List the prime factors of a.
7
Suppose -2*h - 5*r + 150 = 0, 2*h - 4*r = -0*r + 186. What are the prime factors of h?
5, 17
Let g(l) = 3*l - 8. Let o be 32/(-6) - (-2)/(-3). Let n = 12 + o. What are the prime factors of g(n)?
2, 5
Suppose 541 = 4*p + 13. List the prime factors of p.
2, 3, 11
Let q(w) = -8*w + 4. Let g be q(-3). Suppose 5*c - 70 = -5*m - 0*m, m = -2*c + g. List the prime factors of c.
2, 7
Let o(r) = r - 13. Let a be o(9). Let h = a + 9. List the prime factors of h.
5
Let q = -2 - -25. List the prime factors of q.
23
Let d = 9 - 13. Let i = 2 - d. List the prime factors of i.
2, 3
Suppose 0 = o + 4*u - 44 + 13, 0 = -4*o - 4*u + 88. Let r = o + -36. Let c = 29 + r. List the prime factors of c.
2, 3
List the prime factors of 120/32*(429/9 + -1).
5, 7
Suppose 3*h - 2*a = 805 - 156, 5*h - 1065 = -5*a. What are the prime factors of h?
5, 43
Let q(j) = -j**3 + j**2 + 2*j - 4. Let n be q(-3). Let m = n - 16. List the prime factors of m.
2, 5
Let u be (-3*(-10)/(-3))/(-2). Suppose -u*z - 14 + 59 = 0. What are the prime factors of z?
3
Let i(j) be the second derivative of -j**5/20 + j**4/12 + j**2 - 3*j. Let h be i(0). Suppose -h*x + 10 = -0. What are the prime factors of x?
5
Let s(n) = 2*n - 5*n - 2 - 5*n**2 + 6*n**2. Let x be s(6). Suppose 0*z - 4*z = -x. List the prime factors of z.
2
Let n = 7 - 3. Suppose -6 = -4*i + 3*x + 2, n = 2*i + x. Suppose -4*j = j - 2*y - 34, i*j - 1 = 5*y. What are the prime factors of j?
2
Suppose -4*y = -2*y. Let v(q) = -q**2 + q. Let j be v(y). Suppose j*a + 10 = a. What are the prime factors of a?
2, 5
Let u be (-2)/(-9) + (-68)/(-18). Suppose -u*n + 1 = 9. List the prime factors of 6 + (n - -2)/2.
2, 3
Suppose k + 70 = 6*k. List the prime factors of k.
2, 7
Let n(f) = -f**2 + 20*f - 6. Let k be n(8). Suppose 22 